s 55009916243 a composite number?
False
Is 2478492701 prime?
False
Is 1092949661 prime?
True
Is 18605838287 a composite number?
False
Is 753261623 composite?
False
Is 250446901 a prime number?
False
Is 729268031 composite?
True
Is 3646324931 a prime number?
False
Is 3452930189 composite?
False
Is 59434401989 prime?
False
Is 16226265637 prime?
True
Is 39175942439 a prime number?
False
Is 625499141 a composite number?
False
Is 422189435 prime?
False
Is 13363887461 composite?
False
Is 301698611 prime?
True
Is 3159919461 prime?
False
Is 2654224847 composite?
False
Is 1935556817 a composite number?
False
Is 855225251 composite?
False
Is 494019521 composite?
False
Is 5594985859 prime?
True
Is 48357676693 prime?
True
Is 3406920369 a composite number?
True
Is 6294710893 prime?
False
Is 31024064429 composite?
False
Is 15093808687 a prime number?
True
Is 715171673 prime?
False
Is 1356386417 a prime number?
False
Is 3664364323 prime?
True
Is 253913391401 prime?
False
Is 1311498553 a composite number?
True
Is 48009540011 a prime number?
True
Is 23173906549 prime?
True
Is 668804254 a prime number?
False
Is 214842833 a composite number?
True
Is 323454577 prime?
True
Is 77269939 a composite number?
True
Is 12884771 prime?
True
Is 1241621803 a composite number?
True
Is 1459851907 a prime number?
False
Is 6474030169 composite?
True
Is 5781513679 a composite number?
False
Is 220198117 composite?
False
Is 3491969879 composite?
False
Is 7004640979 composite?
True
Is 21993870539 a composite number?
True
Is 26005596721 composite?
True
Is 56556116117 a prime number?
False
Is 16030932041 a prime number?
False
Is 1437967939 a composite number?
False
Is 3669111393 composite?
True
Is 141506017 prime?
False
Is 41407885291 a composite number?
False
Is 203892551 a prime number?
True
Is 19162633619 a prime number?
False
Is 10116251911 prime?
True
Is 310997647 composite?
False
Is 26992649735 prime?
False
Is 5818396553 prime?
False
Is 5799384103 composite?
False
Is 173893879 a composite number?
False
Is 1759976501 prime?
False
Is 29421271903 composite?
False
Is 45928726409 prime?
False
Is 5844360551 a prime number?
True
Is 1603398703 composite?
False
Is 968450001 composite?
True
Is 1277990171 prime?
False
Is 8674325951 a prime number?
True
Is 2072631893 composite?
True
Is 208491377 a prime number?
True
Is 1020047727 composite?
True
Is 66146447 a prime number?
False
Is 2540350061 prime?
True
Is 881143063 prime?
False
Is 59488571803 composite?
True
Is 1090838377 a composite number?
True
Is 3164399131 composite?
False
Is 16380029 a composite number?
False
Is 2141389669 prime?
True
Is 11709105519 prime?
False
Is 3383305841 a prime number?
True
Is 55890835811 a composite number?
False
Is 7336631639 composite?
True
Is 2341767359 composite?
True
Is 372483137063 composite?
True
Is 13123300861 composite?
True
Is 10236140477 prime?
False
Is 9476068829 composite?
False
Is 3166722721 composite?
True
Is 3775015357 a prime number?
True
Is 74170969 composite?
False
Is 354533009 a composite number?
False
Is 38459483767 prime?
False
Is 1083227581 prime?
False
Is 66584864411 composite?
True
Is 4540320511 prime?
False
Is 4207144911 prime?
False
Is 4325731 a prime number?
True
Is 320162849 a prime number?
True
Is 15653629 a composite number?
False
Is 13058186509 prime?
True
Is 33655194367 prime?
True
Is 1365815629 a prime number?
False
Is 173311703 a prime number?
True
Is 34306953221 a prime number?
True
Is 998929361 a prime number?
False
Is 3296808913 a prime number?
False
Is 2116685567 prime?
True
Is 235252169 prime?
True
Is 1623069871 a composite number?
False
Is 32186221 a composite number?
True
Is 4485567421 prime?
True
Is 4970596949 prime?
True
Is 10054030717 prime?
True
Is 95122842271 composite?
True
Is 10202913493 prime?
False
Is 1929259559 a prime number?
False
Is 3241963381 a prime number?
False
Is 2465428759 a prime number?
False
Is 439950499 composite?
False
Is 298850039 prime?
True
Is 48018939 a composite number?
True
Is 383270203 a prime number?
False
Is 240724423 composite?
True
Is 42666442961 a prime number?
False
Is 93548130359 composite?
True
Is 3516331993 composite?
False
Is 534123371 prime?
True
Is 6746571671 composite?
True
Is 8015070601 a prime number?
False
Is 181268051 composite?
False
Is 783169111 composite?
False
Is 2917876697 composite?
False
Is 60106363 prime?
False
Is 1924004833 a composite number?
True
Is 25420464451 composite?
False
Is 30068491 composite?
False
Is 19428044681 a composite number?
False
Is 5041849357 prime?
True
Is 35350867469 a prime number?
True
Is 3869271949 a composite number?
False
Is 9526482638 composite?
True
Is 136171327 a composite number?
True
Is 541074551 a prime number?
True
Is 742822411 composite?
True
Is 445387071 a composite number?
True
Is 64675544849 composite?
False
Is 25201375993 a composite number?
True
Is 7089486037 a prime number?
True
Is 3862315313 a composite number?
True
Is 55072575167 composite?
False
Is 1036690513 a prime number?
True
Is 1153614479 a prime number?
True
Is 726480283 composite?
False
Is 47594123089 composite?
False
Is 1954135069 a prime number?
False
Is 12210659 a prime number?
True
Is 120712127 a composite number?
False
Is 19271845661 a composite number?
True
Is 3736719061 composite?
False
Is 5394998363 a prime number?
True
Is 30923180797 composite?
True
Is 10618243277 composite?
False
Is 5600588323 a composite number?
True
Is 28021693382 composite?
True
Is 1614461799 a prime number?
False
Is 1986939145 a composite number?
True
Is 5290957558 a prime number?
False
Is 140704041197 a composite number?
False
Is 22853319353 a composite number?
True
Is 115608992129 prime?
False
Is 342985933 prime?
True
Is 52453552055 a prime number?
False
Is 61444987367 prime?
True
Is 888739367 prime?
True
Is 603744299 prime?
True
Is 2994188203 prime?
True
Is 2868540617 a prime number?
True
Is 166321643 a prime number?
False
Is 541709591 a composite number?
False
Is 14110408135 composite?
True
Is 698899967 a composite number?
False
Is 17362471793 a composite number?
False
Is 3115547753 a composite number?
True
Is 4795261039 a prime number?
True
Is 818554159 a prime number?
False
Is 35512336091 composite?
False
Is 111680251 prime?
False
Is 43321854619 a composite number?
False
Is 23370530671 a prime number?
True
Is 652665665 a prime number?
False
Is 1203598577 prime?
True
Is 6870770663 composite?
True
Is 289485599 composite?
True
Is 8425744193 a composite number?
False
Is 36656821959 prime?
False
Is 5375936747 composite?
True
Is 54364631 a prime number?
False
Is 4248986837 prime?
False
Is 125722712249 a prime number?
True
Is 21934393093 composite?
False
Is 2544386149 a prime number?
True
Is 3606805571 composite?
False
Is 1141727095 composite?
True
Is 28918697669 a prime number?
True
Is 250921169 a composite number?
False
Is 10812432233 composite?
True
Is 60543856101 composite?
True
Is 1143690791 composite?
True
Is 1526853907 prime?
True
Is 1140912607 composite?
False
Is 16666982333 a composite number?
True
Is 774093655 composite?
True
Is 2106438241 a prime number?
True
Is 2473884107 composite?
False
Is 2629078633 prime?
False
Is 7594693061 a prime number?
False
Is 265642531537 prime?
True
Is 39123502727 a prime number?
True
Is 418138629509 a composite number?
False
Is 10343600369 a composite number?
False
Is 5578470613 composite?
False
Is 1584160597 prime?
True
Is 63932711 a composite number?
False
Is 428904569 composite?
True
Is 1041866902 a composite number?
True
Is 2803518727 composite?
False
Is 9859009619 a composite number?
True
Is 304604933 composite?
False
Is 9301717105 composite?
True
Is 74592957707 composite?
False
Is 30802899889 a prime number?
True
Is 39232997467 a composite number?
True
Is 164937887117 a prime number?
True
Is 4540977437 a composite number?
False
Is 4627295159 composite?
True
Is 29009920393 prime?
True
Is 6035553905 a composite number?
True
Is 4230753217 a composite number?
True
Is 20179133413 a composite number?
True
Is 668537357 a composite number?
False
Is 4378456921 a composite number?
True
Is 6357655139 prime?
False
Is 4097600795 a prime number?
False
Is 41406107 composite?
True
Is 10720771814 a composite number?
True
Is 75222607633 a prime number?
True
Is 15369671 prime?
False
Is 83997886681 c